mber?
True
Let g = -50 + 86. Let h = 34 - g. Is 662/(-4)*(h - 0) a prime number?
True
Let x(s) be the third derivative of s**4/24 - s**3/6 - 2*s**2. Let q be x(5). Suppose -u + q*u - 33 = 0. Is u a composite number?
False
Suppose -2*t + 6*w = 2*w - 2126, 5*w = -2*t + 2144. Is t prime?
False
Let z(v) be the first derivative of -v**4/4 - 5*v**3/3 - 9*v**2 - 5*v - 38. Is z(-8) prime?
True
Let g = -3 + 7. Suppose 0 = -g*r + 14 + 1014. Is r a composite number?
False
Let h(b) = -2*b**3 + 2*b**3 - 4*b**2 - b + b**3 + 3 + 4*b. Let x be h(3). Suppose x*z - 2*z = 587. Is z a prime number?
True
Is 115798/10 - 572/715 prime?
True
Suppose a - 12 = n + 2, 0 = -5*a. Let x = 171 - n. Is x a composite number?
True
Let a be (2/4)/(-1 - 2235/(-2232)). Suppose -358 - a = -5*c. Is c composite?
True
Let t = -35577 - -57220. Is t prime?
False
Let y(g) = 2*g**2 - 25*g + 81. Is y(46) a prime number?
True
Let d be (-44)/(-16) + (-2)/(-8). Suppose -2*m + b + b = -1950, d*m - b = 2917. Let h = m + -642. Is h prime?
False
Let v(m) = 2*m - 1. Let w be v(5). Suppose -33 = -4*n - w. Suppose 3*f + 447 = n*f. Is f a prime number?
True
Is ((-18)/72)/(9/(-154908)) composite?
True
Let j be (-30)/165 - 2/(-11). Suppose 4 = -s - j*s. Is (4 - 6 - s)*239 composite?
True
Suppose -11*l + 15*l = 10116. Suppose 2*b - 413 = l. Is b composite?
False
Let m = 83 - -180. Let b = m + 522. Is b prime?
False
Suppose 10283 = 7*f - 11018. Is f composite?
True
Let a(k) = -7*k**2 + 11*k**3 + 2 - 5*k**3 - 3*k**3 + 9. Is a(6) a composite number?
True
Let b = 4306 + -1958. Suppose 29*x - b = 25*x. Is x a composite number?
False
Let s(d) = 9 + d - 3 - 11. Let n be s(0). Is 1839 + n/((-25)/10) composite?
True
Let z(n) = 6286*n**2 - 8*n - 3. Is z(-2) prime?
False
Let y = 375 + 1196. Is y a prime number?
True
Let n = 812 - -558. Suppose 365 + n = 5*d. Is d a prime number?
True
Let g be 11 + 1 - ((0 - -4) + -4). Suppose -958 = 10*y - g*y. Is y a prime number?
True
Suppose 11245 = f - 7222. Is f a composite number?
True
Let j(r) = -564*r - 34. Is j(-9) a composite number?
True
Suppose 0 = -3*m + 68 - 77, -d - 5*m = -1423. Is d a prime number?
False
Let l(p) = -16 + 4*p - 4*p + 3*p + 6*p. Is l(11) composite?
False
Let d be 3/((-24)/(-21) + -1). Let r be d/(-1 + 4)*17. Suppose 0 = -5*i - 2*t + 178, -t + r - 13 = 3*i. Is i a composite number?
True
Let r(i) = -i - 4*i**3 - 6*i - 7 + 2*i**3 - 14*i**2 + 6*i**2. Is r(-6) composite?
False
Let n be (-1)/(((-2)/(-66))/1). Suppose 2*r = -2*s + 106, s + 2*r - 38 = 13. Let x = n + s. Is x composite?
True
Is (2/(-3))/((-416800)/(-69468) + -6) a composite number?
True
Suppose 0 = -3*y + 377 + 172. Let p be (y/(-15) - 1)*-35. Let u = p + -121. Is u composite?
True
Let a(q) = 54*q**2 + 37*q + 128. Is a(-19) composite?
False
Suppose -5*t = -15, -h - 2*t = h + 6. Let c be 998/6 - h/9. Let k = -58 + c. Is k prime?
True
Let c(s) = 14*s**2 + 29*s - 4. Let l(o) = -o**2 + o + 6. Let m be l(-3). Is c(m) composite?
True
Let g = 161593 + -73396. Is g a composite number?
True
Let i(q) be the second derivative of -q**5/20 + 5*q**4/12 + 4*q**3/3 - 5*q**2/2 + 2*q. Let k be i(6). Let c = k + 0. Is c a composite number?
False
Suppose q = 4*g + 2234, -q - 2*g = 3*q - 8990. Is q a prime number?
False
Let x(n) be the second derivative of 3*n**5/5 - n**4/6 - 2*n**3/3 - n**2 - 11*n. Let t be x(-2). Let d = t + 201. Is d composite?
False
Let o = -1041 - -1614. Is o a prime number?
False
Let u(h) = 85*h**2 + 25*h - 152. Is u(5) a prime number?
False
Suppose 3*r - 24 = 9. Suppose r*v = 10*v + 223. Is v a prime number?
True
Suppose -5*u - 2*o + 565535 = -6*o, -4*o - 113091 = -u. Is u a composite number?
False
Suppose 1 = f - 0. Let o = f + -1. Suppose -p + 5*p - 268 = o. Is p a composite number?
False
Let u(h) = 3*h + 2923. Let x be u(0). Suppose -3*q = -9406 + x. Is q composite?
False
Suppose -4*y + 4 = -4. Is (-7)/(105/(-63009)) + y/5 a composite number?
False
Let y = 8 + -8. Suppose y = 2*c + 3*c. Suppose 4*s + 8 = c, -3*i - 4*s + 2004 = i. Is i composite?
False
Let m = 43 - 117. Let l be 6/4*1462/(-51). Let h = l - m. Is h composite?
False
Suppose 3*y + 3*q = -9309, 429 + 2665 = -y - 4*q. Let j = 977 - y. Is j a composite number?
True
Suppose 2*l + 6*c - 1511 = c, 1502 = 2*l - 4*c. Suppose -4*q + 5088 = 2*u, l + 1797 = 2*q + 4*u. Is q a composite number?
True
Let m(q) = 6*q**2 + 2*q. Let z be m(-1). Is z/6 - 2685/(-9) a prime number?
False
Suppose 39*g - 288444 = 129207. Is g a prime number?
True
Suppose -3*g + 0*g + 2792 = o, -8388 = -3*o - 3*g. Is o prime?
False
Suppose 0 = -18*i + 19*i - 18. Let t(u) = -u**3 + 23*u**2 + 24*u - 1. Is t(i) prime?
False
Suppose -2*f + 2823 = y, -12*y + 7*y - 2*f = -14099. Is y prime?
True
Let l(v) = -8*v + 12 + 2 + 4*v**3 + 4*v**2 - 3*v**3. Suppose 12 = -35*c + 37*c. Is l(c) composite?
True
Is ((-9977)/(-2))/((-31)/(-62)) a composite number?
True
Let x(o) = -2698*o - 55. Is x(-5) prime?
False
Let y(p) = -80*p - 15. Let z(c) = c**3 - 18*c**2 + 17*c - 11. Let b be z(17). Is y(b) composite?
True
Is (10317300/(-130))/(-14) - 2/(-13) prime?
True
Let i(n) = -3*n**2 - 32*n - 21. Let k(y) = -y**2 - 11*y - 7. Let t(g) = 2*i(g) - 7*k(g). Let c be t(-15). Let b = 90 - c. Is b prime?
True
Let q be 3 + (3*707 - 2). Suppose -q = -0*v - 2*v. Is v composite?
False
Is 6/24 + -1 + 179445/12 a composite number?
True
Let n = -3728 + 7027. Is n a prime number?
True
Let m be (57 + (-12)/4)*(-594)/(-4). Suppose -m = -8*y + 4277. Is y prime?
False
Let z(w) = -w**3 + 2*w**2 + w + 1. Suppose 2*r + r - 6 = 0. Let t be z(r). Suppose 0*f + 99 = t*f. Is f a prime number?
False
Suppose -794 = -42*g + 40*g. Is g a composite number?
False
Is -66 + 60 - 115*-59 a prime number?
True
Let c = -37 - -272. Is c a prime number?
False
Let q(u) = -u**3 - 7*u**2 - 20*u + 3. Suppose f - 20 - 7 = 4*n, 4*f + 18 = -2*n. Is q(n) composite?
True
Let r = 1484 + -827. Suppose -3*i + r = -0*i. Is i a prime number?
False
Let q(p) = -p - 3. Let m be q(-6). Let w be 8/6*m/2. Suppose 0 = -w*t + 118 + 52. Is t a prime number?
False
Let k(y) = y**3 + 6*y**2 + 5*y + 3. Let i be k(-5). Suppose 1057 = q - 4*c, -4*q = -i*c - 2783 - 1497. Is q a prime number?
False
Is -379*(-4*(-18)/(-24) - -2) a prime number?
True
Let v be 272/44 - (-8)/(-44). Let r(q) = -q - 12. Let s be r(v). Is s/12*466/(-3) a composite number?
False
Is (10 - -64)*(-1623)/(-6) a prime number?
False
Let r(j) be the first derivative of -j**3/3 - 25*j**2/2 - 17*j - 1. Is r(-15) a prime number?
False
Let n be (-1 - -2)*(-13 - -10). Let q = -650 + 360. Let w = n - q. Is w composite?
True
Let b = -58876 + 122153. Is b prime?
True
Let x = 318 - -1735. Is x/1 - (-10 - -10) composite?
False
Let d(b) = 3*b**2 - 5*b**2 + 7 + 2*b**3 - 5*b**3 - 3*b. Let t be 4/(-16) - (-45)/(-12). Is d(t) a prime number?
True
Suppose -c = -3*l + 5, -4*l - 1 = 3*c - 25. Suppose c*d - 457 = 3*d. Is d a prime number?
True
Let o(c) be the first derivative of 3*c**2/2 + 10*c + 5. Let f be o(-4). Is (f - -4) + 1215/3 composite?
True
Let d(x) = -x + 14. Let i(k) = k - 13. Let s(h) = -5*d(h) - 6*i(h). Let m be s(-6). Is (749/2)/(7/m) a composite number?
True
Let p(x) = 7*x**2 - 8 + 4*x**2 - 10*x + x**3 - 3*x**2. Let o be p(-9). Is o + 304 - (3 - 5) prime?
True
Suppose -8*j = 4*j + 72. Let f(a) = -10*a**3 + 6*a**2 + 2*a - 7. Is f(j) composite?
False
Let i(b) = 3*b**2 + b + 5. Suppose k + 0*t + t - 8 = 0, 0 = 4*k - 2*t - 20. Let w = 5 + k. Is i(w) a prime number?
True
Suppose 5*p - 2*d = -5*d + 30, -2*p = d - 12. Suppose 116 = -p*w + 8*w. Is w a composite number?
True
Suppose 0 = -2*f - 2*y + 82 + 2704, 0 = f + 2*y - 1389. Is f a composite number?
True
Let z(p) = 475*p - 49. Is z(18) a prime number?
True
Let n = -397 + 153. Is -15*(n/6 - -3) prime?
False
Suppose 3*b - b = -2*k - 2508, -2*b - 5*k = 2502. Let q = 1835 + b. Suppose 3*z = q + 714. Is z prime?
True
Let c(u) be the second derivative of -u**5/20 - u**3/3 + 3353*u**2/2 + 25*u. Is c(0) composite?
True
Suppose -n = -748 + 248. Suppose -a + n - 33 = 0. Is a prime?
True
Let o be (-24)/(-3)*21/12. Let v = o + -8. Suppose -p = -v*p + 830. Is p a composite number?
True
Let v(i) = -i**2 - 3*i + 12. Let m be v(0). Suppose 0 = m*j - 11*j - 943. Is j composite?
True
Let r be (-3)/((45/(-24))/5). Suppose 6 = k - r. Let v = 57 - k. Is v comp